{"id":25236,"date":"2024-04-10T17:18:47","date_gmt":"2024-04-10T16:18:47","guid":{"rendered":"https:\/\/virtualimit.pt\/?post_type=product&#038;p=25236"},"modified":"2025-04-09T17:43:26","modified_gmt":"2025-04-09T16:43:26","slug":"n-fita-papel-lisa-orange-black-mask-120","status":"publish","type":"product","link":"https:\/\/www.comertim.pt\/new\/produto\/n-fita-papel-lisa-orange-black-mask-120\/","title":{"rendered":"N-FITA PAPEL LISA ORANGE BLACK MASK 18X55M 120?"},"content":{"rendered":"<p>\u2022 Fita laranja de mascarar, excelente para curvas, contornos e superf\u00edcies irregulares \u2022 Excelente ader\u00eancia em todos os tipos de superf\u00edcies (tintas, filmes plastificados, etc.) gra\u00e7as ao seu adesivo de borracha, boa elasticidade \u2022 Resiste a temperaturas at\u00e9 120\u00baC durante 30 minutos ou 90\u00baC durante uma hora \u2022 A prote\u00e7\u00e3o UV resiste ao uso interno e externo durante tr\u00eas dias sem deixar qualquer res\u00edduo na superf\u00edcie.<\/p>\n","protected":false},"excerpt":{"rendered":"<p>\u2022 Fita laranja de mascarar, excelente para curvas, contornos e superf\u00edcies irregulares \u2022 Excelente ader\u00eancia em todos os tipos de superf\u00edcies (tintas, filmes plastificados, etc.) gra\u00e7as ao seu adesivo de borracha, boa elasticidade \u2022 Resiste a temperaturas at\u00e9 120\u00baC durante 30 minutos ou 90\u00baC durante uma hora \u2022 A prote\u00e7\u00e3o UV resiste ao uso interno [&hellip;]<\/p>\n","protected":false},"featured_media":550002778,"template":"","meta":[],"product_brand":[],"product_cat":[501],"product_tag":[1044],"class_list":{"0":"post-25236","1":"product","2":"type-product","3":"status-publish","4":"has-post-thumbnail","6":"product_cat-mascaramento","7":"product_tag-norton","9":"entry","10":"has-media","12":"first","13":"instock","14":"taxable","15":"shipping-taxable","16":"product-type-simple","17":"has-product-nav","18":"col","19":"span_1_of_4","20":"owp-content-center","21":"item-entry","22":"owp-thumbs-layout-horizontal","23":"owp-btn-normal","24":"owp-tabs-layout-vertical","25":"has-no-thumbnails"},"_links":{"self":[{"href":"https:\/\/www.comertim.pt\/new\/wp-json\/wp\/v2\/product\/25236","targetHints":{"allow":["GET"]}}],"collection":[{"href":"https:\/\/www.comertim.pt\/new\/wp-json\/wp\/v2\/product"}],"about":[{"href":"https:\/\/www.comertim.pt\/new\/wp-json\/wp\/v2\/types\/product"}],"wp:featuredmedia":[{"embeddable":true,"href":"https:\/\/www.comertim.pt\/new\/wp-json\/wp\/v2\/media\/550002778"}],"wp:attachment":[{"href":"https:\/\/www.comertim.pt\/new\/wp-json\/wp\/v2\/media?parent=25236"}],"wp:term":[{"taxonomy":"product_brand","embeddable":true,"href":"https:\/\/www.comertim.pt\/new\/wp-json\/wp\/v2\/product_brand?post=25236"},{"taxonomy":"product_cat","embeddable":true,"href":"https:\/\/www.comertim.pt\/new\/wp-json\/wp\/v2\/product_cat?post=25236"},{"taxonomy":"product_tag","embeddable":true,"href":"https:\/\/www.comertim.pt\/new\/wp-json\/wp\/v2\/product_tag?post=25236"}],"curies":[{"name":"wp","href":"https:\/\/api.w.org\/{rel}","templated":true}]}}