{"id":25188,"date":"2024-04-10T15:12:03","date_gmt":"2024-04-10T14:12:03","guid":{"rendered":"https:\/\/virtualimit.pt\/?post_type=product&#038;p=25188"},"modified":"2025-04-09T17:43:26","modified_gmt":"2025-04-09T16:43:26","slug":"bs-fita-malha-adesiva-para-reforco-em-rolo-48mmx45mt","status":"publish","type":"product","link":"https:\/\/www.comertim.pt\/new\/produto\/bs-fita-malha-adesiva-para-reforco-em-rolo-48mmx45mt\/","title":{"rendered":"BS FITA\/MALHA ADESIVA PARA REFORCO EM ROLO 48MMX45MT"},"content":{"rendered":"<p>Rolo adesivo de fibra para refor\u00e7o nas repara\u00e7\u00f5es.\u00a048mm x 45m<\/p>\n","protected":false},"excerpt":{"rendered":"<p>Rolo adesivo de fibra para refor\u00e7o nas repara\u00e7\u00f5es.\u00a048mm x 45m<\/p>\n","protected":false},"featured_media":550002796,"template":"","meta":[],"product_brand":[],"product_cat":[456],"product_tag":[1018],"class_list":{"0":"post-25188","1":"product","2":"type-product","3":"status-publish","4":"has-post-thumbnail","6":"product_cat-colas-e-selantes","7":"product_tag-bossauto","9":"entry","10":"has-media","12":"first","13":"instock","14":"taxable","15":"shipping-taxable","16":"product-type-simple","17":"has-product-nav","18":"col","19":"span_1_of_4","20":"owp-content-center","21":"item-entry","22":"owp-thumbs-layout-horizontal","23":"owp-btn-normal","24":"owp-tabs-layout-vertical","25":"has-no-thumbnails"},"_links":{"self":[{"href":"https:\/\/www.comertim.pt\/new\/wp-json\/wp\/v2\/product\/25188","targetHints":{"allow":["GET"]}}],"collection":[{"href":"https:\/\/www.comertim.pt\/new\/wp-json\/wp\/v2\/product"}],"about":[{"href":"https:\/\/www.comertim.pt\/new\/wp-json\/wp\/v2\/types\/product"}],"wp:featuredmedia":[{"embeddable":true,"href":"https:\/\/www.comertim.pt\/new\/wp-json\/wp\/v2\/media\/550002796"}],"wp:attachment":[{"href":"https:\/\/www.comertim.pt\/new\/wp-json\/wp\/v2\/media?parent=25188"}],"wp:term":[{"taxonomy":"product_brand","embeddable":true,"href":"https:\/\/www.comertim.pt\/new\/wp-json\/wp\/v2\/product_brand?post=25188"},{"taxonomy":"product_cat","embeddable":true,"href":"https:\/\/www.comertim.pt\/new\/wp-json\/wp\/v2\/product_cat?post=25188"},{"taxonomy":"product_tag","embeddable":true,"href":"https:\/\/www.comertim.pt\/new\/wp-json\/wp\/v2\/product_tag?post=25188"}],"curies":[{"name":"wp","href":"https:\/\/api.w.org\/{rel}","templated":true}]}}