{"id":25139,"date":"2024-03-28T16:30:59","date_gmt":"2024-03-28T16:30:59","guid":{"rendered":"https:\/\/virtualimit.pt\/?post_type=product&#038;p=25139"},"modified":"2025-04-09T17:44:07","modified_gmt":"2025-04-09T16:44:07","slug":"iwata-pistola-az3-impact-hte-s-sketch-cx-papel","status":"publish","type":"product","link":"https:\/\/www.comertim.pt\/new\/produto\/iwata-pistola-az3-impact-hte-s-sketch-cx-papel\/","title":{"rendered":"IWATA PISTOLA AZ3 IMPACT HTE-S SKETCH CX PAPEL"},"content":{"rendered":"<p>Pistola de pintura profissional para acabamento.Equipada com a tecnologia HTE (High TransferEfficiency), que garante o m\u00e1ximo desempenho com atomiza\u00e7\u00e3o homog\u00eanea e fina.<\/p>\n<p>Copo UV<\/p>\n","protected":false},"excerpt":{"rendered":"<p>Pistola de pintura profissional para acabamento.Equipada com a tecnologia HTE (High TransferEfficiency), que garante o m\u00e1ximo desempenho com atomiza\u00e7\u00e3o homog\u00eanea e fina. Copo UV<\/p>\n","protected":false},"featured_media":550002801,"template":"","meta":[],"product_brand":[],"product_cat":[478],"product_tag":[],"class_list":{"0":"post-25139","1":"product","2":"type-product","3":"status-publish","4":"has-post-thumbnail","6":"product_cat-equipamento","8":"entry","9":"has-media","11":"first","12":"instock","13":"taxable","14":"shipping-taxable","15":"product-type-variable","16":"has-product-nav","17":"col","18":"span_1_of_4","19":"owp-content-center","20":"item-entry","21":"owp-thumbs-layout-horizontal","22":"owp-btn-normal","23":"owp-tabs-layout-vertical","24":"has-no-thumbnails"},"_links":{"self":[{"href":"https:\/\/www.comertim.pt\/new\/wp-json\/wp\/v2\/product\/25139","targetHints":{"allow":["GET"]}}],"collection":[{"href":"https:\/\/www.comertim.pt\/new\/wp-json\/wp\/v2\/product"}],"about":[{"href":"https:\/\/www.comertim.pt\/new\/wp-json\/wp\/v2\/types\/product"}],"wp:featuredmedia":[{"embeddable":true,"href":"https:\/\/www.comertim.pt\/new\/wp-json\/wp\/v2\/media\/550002801"}],"wp:attachment":[{"href":"https:\/\/www.comertim.pt\/new\/wp-json\/wp\/v2\/media?parent=25139"}],"wp:term":[{"taxonomy":"product_brand","embeddable":true,"href":"https:\/\/www.comertim.pt\/new\/wp-json\/wp\/v2\/product_brand?post=25139"},{"taxonomy":"product_cat","embeddable":true,"href":"https:\/\/www.comertim.pt\/new\/wp-json\/wp\/v2\/product_cat?post=25139"},{"taxonomy":"product_tag","embeddable":true,"href":"https:\/\/www.comertim.pt\/new\/wp-json\/wp\/v2\/product_tag?post=25139"}],"curies":[{"name":"wp","href":"https:\/\/api.w.org\/{rel}","templated":true}]}}