{"id":24900,"date":"2023-03-09T15:55:16","date_gmt":"2023-03-09T15:55:16","guid":{"rendered":"https:\/\/virtualimit.pt\/?post_type=product&#038;p=24900"},"modified":"2025-04-09T17:43:28","modified_gmt":"2025-04-09T16:43:28","slug":"cola-bi-componente-8k","status":"publish","type":"product","link":"https:\/\/www.comertim.pt\/new\/produto\/cola-bi-componente-8k\/","title":{"rendered":"8K COLA BICOMPONENTE P\/PLASTICO (CONTEM 1 BICO) &#8211; 50ML"},"content":{"rendered":"<p>Cola estrutural bicomponente, ultrarr\u00e1pida.<\/p>\n<p>&#8211; Indicado para colagens r\u00e1pidas, de elevada resist\u00eancia, em superf\u00edcies de pl\u00e1stico e materiais comp\u00f3sitos.<\/p>\n<p>&#8211; Permite colagens de extrema resist\u00eancia, mantendo uma ligeira flexibilidade, sem necessidade de prepara\u00e7\u00e3o pr\u00e9via das superf\u00edcies e sem recorrer \u00e0 fixa\u00e7\u00e3o mec\u00e2nica tradicional atrav\u00e9s de parafusos, rebites ou soldadura.<\/p>\n<p>&#8211; Elevada resist\u00eancia a temperaturas elevadas.<\/p>\n<p>&#8211; Capacidade de preencher cavidades at\u00e9 4mm.<\/p>\n<p>&#8211; Resistente aos raios UV, \u00e1gua, \u00e1gua salgada, \u00f3leos e combust\u00edveis.<\/p>\n<p>&#8211; Fornecido com 2 bicos misturadores.<\/p>\n","protected":false},"excerpt":{"rendered":"<p>Cola estrutural bicomponente, ultrarr\u00e1pida. &#8211; Indicado para colagens r\u00e1pidas, de elevada resist\u00eancia, em superf\u00edcies de pl\u00e1stico e materiais comp\u00f3sitos. &#8211; Permite colagens de extrema resist\u00eancia, mantendo uma ligeira flexibilidade, sem necessidade de prepara\u00e7\u00e3o pr\u00e9via das superf\u00edcies e sem recorrer \u00e0 fixa\u00e7\u00e3o mec\u00e2nica tradicional atrav\u00e9s de parafusos, rebites ou soldadura. &#8211; Elevada resist\u00eancia a temperaturas elevadas. [&hellip;]<\/p>\n","protected":false},"featured_media":550002813,"template":"","meta":[],"product_brand":[],"product_cat":[456],"product_tag":[1014],"class_list":{"0":"post-24900","1":"product","2":"type-product","3":"status-publish","4":"has-post-thumbnail","6":"product_cat-colas-e-selantes","7":"product_tag-8k","9":"entry","10":"has-media","12":"first","13":"instock","14":"taxable","15":"shipping-taxable","16":"product-type-simple","17":"has-product-nav","18":"col","19":"span_1_of_4","20":"owp-content-center","21":"item-entry","22":"owp-thumbs-layout-horizontal","23":"owp-btn-normal","24":"owp-tabs-layout-vertical","25":"has-no-thumbnails"},"_links":{"self":[{"href":"https:\/\/www.comertim.pt\/new\/wp-json\/wp\/v2\/product\/24900","targetHints":{"allow":["GET"]}}],"collection":[{"href":"https:\/\/www.comertim.pt\/new\/wp-json\/wp\/v2\/product"}],"about":[{"href":"https:\/\/www.comertim.pt\/new\/wp-json\/wp\/v2\/types\/product"}],"wp:featuredmedia":[{"embeddable":true,"href":"https:\/\/www.comertim.pt\/new\/wp-json\/wp\/v2\/media\/550002813"}],"wp:attachment":[{"href":"https:\/\/www.comertim.pt\/new\/wp-json\/wp\/v2\/media?parent=24900"}],"wp:term":[{"taxonomy":"product_brand","embeddable":true,"href":"https:\/\/www.comertim.pt\/new\/wp-json\/wp\/v2\/product_brand?post=24900"},{"taxonomy":"product_cat","embeddable":true,"href":"https:\/\/www.comertim.pt\/new\/wp-json\/wp\/v2\/product_cat?post=24900"},{"taxonomy":"product_tag","embeddable":true,"href":"https:\/\/www.comertim.pt\/new\/wp-json\/wp\/v2\/product_tag?post=24900"}],"curies":[{"name":"wp","href":"https:\/\/api.w.org\/{rel}","templated":true}]}}