{"id":24509,"date":"2022-11-22T18:16:45","date_gmt":"2022-11-22T18:16:45","guid":{"rendered":"https:\/\/virtualimit.pt\/?post_type=product&#038;p=24509"},"modified":"2025-04-09T17:44:08","modified_gmt":"2025-04-09T16:44:08","slug":"stark-00141-limpa-jantes-5l","status":"publish","type":"product","link":"https:\/\/www.comertim.pt\/new\/produto\/stark-00141-limpa-jantes-5l\/","title":{"rendered":"STARK 00141 LIMPA JANTES 5L"},"content":{"rendered":"<p>Produto especialmente concebido para a limpeza de todos os tipos de jantes de autom\u00f3veis, tanto em ferro como em alum\u00ednio, ligas ou calotas pl\u00e1sticas. \u00c9 um produto de espuma controlada e incorpora inibidores de corros\u00e3o para<\/p>\n<p>proteger as superf\u00edcies tratadas. Deve ser usado com cautela em metais claros e coloridos (alum\u00ednio, estanho, bronze,<\/p>\n<p>lat\u00e3o etc)<\/p>\n","protected":false},"excerpt":{"rendered":"<p>Produto especialmente concebido para a limpeza de todos os tipos de jantes de autom\u00f3veis, tanto em ferro como em alum\u00ednio, ligas ou calotas pl\u00e1sticas. \u00c9 um produto de espuma controlada e incorpora inibidores de corros\u00e3o para proteger as superf\u00edcies tratadas. Deve ser usado com cautela em metais claros e coloridos (alum\u00ednio, estanho, bronze, lat\u00e3o etc)<\/p>\n","protected":false},"featured_media":550002843,"template":"","meta":[],"product_brand":[],"product_cat":[493],"product_tag":[1675],"class_list":{"0":"post-24509","1":"product","2":"type-product","3":"status-publish","4":"has-post-thumbnail","6":"product_cat-lavagem","7":"product_tag-stark","9":"entry","10":"has-media","12":"first","13":"instock","14":"taxable","15":"shipping-taxable","16":"product-type-variable","17":"has-product-nav","18":"col","19":"span_1_of_4","20":"owp-content-center","21":"item-entry","22":"owp-thumbs-layout-horizontal","23":"owp-btn-normal","24":"owp-tabs-layout-vertical","25":"has-no-thumbnails"},"_links":{"self":[{"href":"https:\/\/www.comertim.pt\/new\/wp-json\/wp\/v2\/product\/24509","targetHints":{"allow":["GET"]}}],"collection":[{"href":"https:\/\/www.comertim.pt\/new\/wp-json\/wp\/v2\/product"}],"about":[{"href":"https:\/\/www.comertim.pt\/new\/wp-json\/wp\/v2\/types\/product"}],"wp:featuredmedia":[{"embeddable":true,"href":"https:\/\/www.comertim.pt\/new\/wp-json\/wp\/v2\/media\/550002843"}],"wp:attachment":[{"href":"https:\/\/www.comertim.pt\/new\/wp-json\/wp\/v2\/media?parent=24509"}],"wp:term":[{"taxonomy":"product_brand","embeddable":true,"href":"https:\/\/www.comertim.pt\/new\/wp-json\/wp\/v2\/product_brand?post=24509"},{"taxonomy":"product_cat","embeddable":true,"href":"https:\/\/www.comertim.pt\/new\/wp-json\/wp\/v2\/product_cat?post=24509"},{"taxonomy":"product_tag","embeddable":true,"href":"https:\/\/www.comertim.pt\/new\/wp-json\/wp\/v2\/product_tag?post=24509"}],"curies":[{"name":"wp","href":"https:\/\/api.w.org\/{rel}","templated":true}]}}