{"id":24463,"date":"2022-11-21T17:50:19","date_gmt":"2022-11-21T17:50:19","guid":{"rendered":"https:\/\/virtualimit.pt\/?post_type=product&#038;p=24463"},"modified":"2025-04-09T17:43:31","modified_gmt":"2025-04-09T16:43:31","slug":"8k-spray-limpeza-travoes-valvula-360o-500-ml","status":"publish","type":"product","link":"https:\/\/www.comertim.pt\/new\/produto\/8k-spray-limpeza-travoes-valvula-360o-500-ml\/","title":{"rendered":"8K SPRAY LIMPEZA TRAVOES 500ML"},"content":{"rendered":"<p>Limpador de travoes com propriedades de secagem rapida. Remove oleosidade, graxa, lona de freio e fluido de freio.<\/p>\n<p>Para aplicar em discos de freio, embreagens, pe\u00e7as de caixa de velocidades e transmiss\u00f5es tamb\u00e9m como em todos os tipos de pe\u00e7as met\u00e1licas sujas.<\/p>\n","protected":false},"excerpt":{"rendered":"<p>Limpador de travoes com propriedades de secagem rapida. Remove oleosidade, graxa, lona de freio e fluido de freio. Para aplicar em discos de freio, embreagens, pe\u00e7as de caixa de velocidades e transmiss\u00f5es tamb\u00e9m como em todos os tipos de pe\u00e7as met\u00e1licas sujas.<\/p>\n","protected":false},"featured_media":550002858,"template":"","meta":[],"product_brand":[],"product_cat":[426],"product_tag":[1014],"class_list":{"0":"post-24463","1":"product","2":"type-product","3":"status-publish","4":"has-post-thumbnail","6":"product_cat-acessorios","7":"product_tag-8k","9":"entry","10":"has-media","12":"first","13":"instock","14":"taxable","15":"shipping-taxable","16":"product-type-simple","17":"has-product-nav","18":"col","19":"span_1_of_4","20":"owp-content-center","21":"item-entry","22":"owp-thumbs-layout-horizontal","23":"owp-btn-normal","24":"owp-tabs-layout-vertical","25":"has-no-thumbnails"},"_links":{"self":[{"href":"https:\/\/www.comertim.pt\/new\/wp-json\/wp\/v2\/product\/24463","targetHints":{"allow":["GET"]}}],"collection":[{"href":"https:\/\/www.comertim.pt\/new\/wp-json\/wp\/v2\/product"}],"about":[{"href":"https:\/\/www.comertim.pt\/new\/wp-json\/wp\/v2\/types\/product"}],"wp:featuredmedia":[{"embeddable":true,"href":"https:\/\/www.comertim.pt\/new\/wp-json\/wp\/v2\/media\/550002858"}],"wp:attachment":[{"href":"https:\/\/www.comertim.pt\/new\/wp-json\/wp\/v2\/media?parent=24463"}],"wp:term":[{"taxonomy":"product_brand","embeddable":true,"href":"https:\/\/www.comertim.pt\/new\/wp-json\/wp\/v2\/product_brand?post=24463"},{"taxonomy":"product_cat","embeddable":true,"href":"https:\/\/www.comertim.pt\/new\/wp-json\/wp\/v2\/product_cat?post=24463"},{"taxonomy":"product_tag","embeddable":true,"href":"https:\/\/www.comertim.pt\/new\/wp-json\/wp\/v2\/product_tag?post=24463"}],"curies":[{"name":"wp","href":"https:\/\/api.w.org\/{rel}","templated":true}]}}