{"id":24267,"date":"2022-11-15T17:15:51","date_gmt":"2022-11-15T17:15:51","guid":{"rendered":"https:\/\/virtualimit.pt\/?post_type=product&#038;p=24267"},"modified":"2025-04-09T17:44:10","modified_gmt":"2025-04-09T16:44:10","slug":"bs-fita-adesiva-dupla-face-hsa-acrilica","status":"publish","type":"product","link":"https:\/\/www.comertim.pt\/new\/produto\/bs-fita-adesiva-dupla-face-hsa-acrilica\/","title":{"rendered":"BS FITA ADESIVA DUPLA FACE HSA ACRILICA"},"content":{"rendered":"<p>Fita dupla face com adesivo t\u00e9cnico para aplica\u00e7\u00f5es externas e internas, com adesivo t\u00e9cnico, adequado para v\u00e1rias subst\u00e2ncias, como pl\u00e1stico, vidro e a maioria dos materiais sint\u00e9ticos.<\/p>\n","protected":false},"excerpt":{"rendered":"<p>Fita dupla face com adesivo t\u00e9cnico para aplica\u00e7\u00f5es externas e internas, com adesivo t\u00e9cnico, adequado para v\u00e1rias subst\u00e2ncias, como pl\u00e1stico, vidro e a maioria dos materiais sint\u00e9ticos.<\/p>\n","protected":false},"featured_media":550002882,"template":"","meta":[],"product_brand":[],"product_cat":[456],"product_tag":[1018],"class_list":{"0":"post-24267","1":"product","2":"type-product","3":"status-publish","4":"has-post-thumbnail","6":"product_cat-colas-e-selantes","7":"product_tag-bossauto","9":"entry","10":"has-media","12":"first","13":"instock","14":"taxable","15":"shipping-taxable","16":"product-type-variable","17":"has-product-nav","18":"col","19":"span_1_of_4","20":"owp-content-center","21":"item-entry","22":"owp-thumbs-layout-horizontal","23":"owp-btn-normal","24":"owp-tabs-layout-vertical","25":"has-no-thumbnails"},"_links":{"self":[{"href":"https:\/\/www.comertim.pt\/new\/wp-json\/wp\/v2\/product\/24267","targetHints":{"allow":["GET"]}}],"collection":[{"href":"https:\/\/www.comertim.pt\/new\/wp-json\/wp\/v2\/product"}],"about":[{"href":"https:\/\/www.comertim.pt\/new\/wp-json\/wp\/v2\/types\/product"}],"wp:featuredmedia":[{"embeddable":true,"href":"https:\/\/www.comertim.pt\/new\/wp-json\/wp\/v2\/media\/550002882"}],"wp:attachment":[{"href":"https:\/\/www.comertim.pt\/new\/wp-json\/wp\/v2\/media?parent=24267"}],"wp:term":[{"taxonomy":"product_brand","embeddable":true,"href":"https:\/\/www.comertim.pt\/new\/wp-json\/wp\/v2\/product_brand?post=24267"},{"taxonomy":"product_cat","embeddable":true,"href":"https:\/\/www.comertim.pt\/new\/wp-json\/wp\/v2\/product_cat?post=24267"},{"taxonomy":"product_tag","embeddable":true,"href":"https:\/\/www.comertim.pt\/new\/wp-json\/wp\/v2\/product_tag?post=24267"}],"curies":[{"name":"wp","href":"https:\/\/api.w.org\/{rel}","templated":true}]}}