{"id":23716,"date":"2022-08-24T11:07:52","date_gmt":"2022-08-24T10:07:52","guid":{"rendered":"http:\/\/localhost\/virtualimit\/produto\/gvs-mascara-spr503-elipse-vap-organicos-a1p3rd\/"},"modified":"2025-04-09T17:43:36","modified_gmt":"2025-04-09T16:43:36","slug":"gvs-mascara-spr503-elipse-vap-organicos-a1p3rd","status":"publish","type":"product","link":"https:\/\/www.comertim.pt\/new\/produto\/gvs-mascara-spr503-elipse-vap-organicos-a1p3rd\/","title":{"rendered":"GVS MASCARA SPR503 ELIPSE-VAP.ORGANICOS A1P3RD"},"content":{"rendered":"<p>DESCRI\u00c7\u00c3O:- Meia m\u00e1scara facial em TPE (Elast\u00f3mero Termopl\u00e1stico);CARACTER\u00cdSTICAS:- 2 filtros de pequenas dimens\u00f5es A1 P3 inclu\u00eddos, que oferecem um campo de vis\u00e3o desobstru\u00eddo;- Com carv\u00e3o ativo para uma melhor prote\u00e7\u00e3o na presen\u00e7a de odores irritantes \/<\/p>\n","protected":false},"excerpt":{"rendered":"<p>DESCRI\u00c7\u00c3O:- Meia m\u00e1scara facial em TPE (Elast\u00f3mero Termopl\u00e1stico);CARACTER\u00cdSTICAS:- 2 filtros de pequenas dimens\u00f5es A1 P3 inclu\u00eddos, que oferecem um campo de vis\u00e3o desobstru\u00eddo;- Com carv\u00e3o ativo para uma melhor prote\u00e7\u00e3o na presen\u00e7a de odores irritantes \/<\/p>\n","protected":false},"featured_media":550002896,"template":"","meta":[],"product_brand":[],"product_cat":[536],"product_tag":[1142],"class_list":{"0":"post-23716","1":"product","2":"type-product","3":"status-publish","4":"has-post-thumbnail","6":"product_cat-protecao-pessoal","7":"product_tag-gvs","9":"entry","10":"has-media","12":"first","13":"instock","14":"taxable","15":"shipping-taxable","16":"product-type-simple","17":"has-product-nav","18":"col","19":"span_1_of_4","20":"owp-content-center","21":"item-entry","22":"owp-thumbs-layout-horizontal","23":"owp-btn-normal","24":"owp-tabs-layout-vertical","25":"has-no-thumbnails"},"_links":{"self":[{"href":"https:\/\/www.comertim.pt\/new\/wp-json\/wp\/v2\/product\/23716","targetHints":{"allow":["GET"]}}],"collection":[{"href":"https:\/\/www.comertim.pt\/new\/wp-json\/wp\/v2\/product"}],"about":[{"href":"https:\/\/www.comertim.pt\/new\/wp-json\/wp\/v2\/types\/product"}],"wp:featuredmedia":[{"embeddable":true,"href":"https:\/\/www.comertim.pt\/new\/wp-json\/wp\/v2\/media\/550002896"}],"wp:attachment":[{"href":"https:\/\/www.comertim.pt\/new\/wp-json\/wp\/v2\/media?parent=23716"}],"wp:term":[{"taxonomy":"product_brand","embeddable":true,"href":"https:\/\/www.comertim.pt\/new\/wp-json\/wp\/v2\/product_brand?post=23716"},{"taxonomy":"product_cat","embeddable":true,"href":"https:\/\/www.comertim.pt\/new\/wp-json\/wp\/v2\/product_cat?post=23716"},{"taxonomy":"product_tag","embeddable":true,"href":"https:\/\/www.comertim.pt\/new\/wp-json\/wp\/v2\/product_tag?post=23716"}],"curies":[{"name":"wp","href":"https:\/\/api.w.org\/{rel}","templated":true}]}}