{"id":23564,"date":"2022-08-24T11:07:22","date_gmt":"2022-08-24T10:07:22","guid":{"rendered":"http:\/\/localhost\/virtualimit\/produto\/nextzett-ultra-gel-spruhfett-massa-consistente-300ml\/"},"modified":"2025-04-09T17:43:41","modified_gmt":"2025-04-09T16:43:41","slug":"nextzett-ultra-gel-spruhfett-massa-consistente-300ml","status":"publish","type":"product","link":"https:\/\/www.comertim.pt\/new\/produto\/nextzett-ultra-gel-spruhfett-massa-consistente-300ml\/","title":{"rendered":"NEXTZETT ULTRA GEL SPRUHFETT (MASSA CONSISTENTE) 300ML"},"content":{"rendered":"<p>Este produto \u00e9 uma excelente gordura universal sem subst\u00e2ncias sapon\u00e1ceas, com um vasto alcance de temperaturas. Pode ser aplicado entre -30\u00ba e + 250 \u00ba. Protege os o\u2019rings das correias de bicicletas, motocicletas, karts, etc&#8230; \u00c9 um produto bastante econ\u00f3<\/p>\n","protected":false},"excerpt":{"rendered":"<p>Este produto \u00e9 uma excelente gordura universal sem subst\u00e2ncias sapon\u00e1ceas, com um vasto alcance de temperaturas. Pode ser aplicado entre -30\u00ba e + 250 \u00ba. Protege os o\u2019rings das correias de bicicletas, motocicletas, karts, etc&#8230; \u00c9 um produto bastante econ\u00f3<\/p>\n","protected":false},"featured_media":550003023,"template":"","meta":[],"product_brand":[],"product_cat":[497],"product_tag":[1079],"class_list":{"0":"post-23564","1":"product","2":"type-product","3":"status-publish","4":"has-post-thumbnail","6":"product_cat-manutencao","7":"product_tag-nextzett","9":"entry","10":"has-media","12":"first","13":"onbackorder","14":"taxable","15":"shipping-taxable","16":"product-type-simple","17":"has-product-nav","18":"col","19":"span_1_of_4","20":"owp-content-center","21":"item-entry","22":"owp-thumbs-layout-horizontal","23":"owp-btn-normal","24":"owp-tabs-layout-vertical","25":"has-no-thumbnails"},"_links":{"self":[{"href":"https:\/\/www.comertim.pt\/new\/wp-json\/wp\/v2\/product\/23564","targetHints":{"allow":["GET"]}}],"collection":[{"href":"https:\/\/www.comertim.pt\/new\/wp-json\/wp\/v2\/product"}],"about":[{"href":"https:\/\/www.comertim.pt\/new\/wp-json\/wp\/v2\/types\/product"}],"wp:featuredmedia":[{"embeddable":true,"href":"https:\/\/www.comertim.pt\/new\/wp-json\/wp\/v2\/media\/550003023"}],"wp:attachment":[{"href":"https:\/\/www.comertim.pt\/new\/wp-json\/wp\/v2\/media?parent=23564"}],"wp:term":[{"taxonomy":"product_brand","embeddable":true,"href":"https:\/\/www.comertim.pt\/new\/wp-json\/wp\/v2\/product_brand?post=23564"},{"taxonomy":"product_cat","embeddable":true,"href":"https:\/\/www.comertim.pt\/new\/wp-json\/wp\/v2\/product_cat?post=23564"},{"taxonomy":"product_tag","embeddable":true,"href":"https:\/\/www.comertim.pt\/new\/wp-json\/wp\/v2\/product_tag?post=23564"}],"curies":[{"name":"wp","href":"https:\/\/api.w.org\/{rel}","templated":true}]}}