{"id":23541,"date":"2022-08-24T11:07:18","date_gmt":"2022-08-24T10:07:18","guid":{"rendered":"http:\/\/localhost\/virtualimit\/produto\/nextzett-handwaschpaste-10-l-91331015-massa-lava-maos\/"},"modified":"2025-04-09T17:43:42","modified_gmt":"2025-04-09T16:43:42","slug":"nextzett-handwaschpaste-10-l-91331015-massa-lava-maos","status":"publish","type":"product","link":"https:\/\/www.comertim.pt\/new\/produto\/nextzett-handwaschpaste-10-l-91331015-massa-lava-maos\/","title":{"rendered":"NEXTZETT HANDWASCHPASTE 10 L 91331015 MASSA LAVA MAOS"},"content":{"rendered":"<p>Massa Lava M\u00e3os \u00f3tima para eliminar gorduras, \u00f3leos e massas consistentes. Massa de composi\u00e7\u00e3o vegetal sem areias nem serraduras.<\/p>\n","protected":false},"excerpt":{"rendered":"<p>Massa Lava M\u00e3os \u00f3tima para eliminar gorduras, \u00f3leos e massas consistentes. Massa de composi\u00e7\u00e3o vegetal sem areias nem serraduras.<\/p>\n","protected":false},"featured_media":550003045,"template":"","meta":[],"product_brand":[],"product_cat":[536],"product_tag":[1079],"class_list":{"0":"post-23541","1":"product","2":"type-product","3":"status-publish","4":"has-post-thumbnail","6":"product_cat-protecao-pessoal","7":"product_tag-nextzett","9":"entry","10":"has-media","12":"first","13":"onbackorder","14":"taxable","15":"shipping-taxable","16":"product-type-simple","17":"has-product-nav","18":"col","19":"span_1_of_4","20":"owp-content-center","21":"item-entry","22":"owp-thumbs-layout-horizontal","23":"owp-btn-normal","24":"owp-tabs-layout-vertical","25":"has-no-thumbnails"},"_links":{"self":[{"href":"https:\/\/www.comertim.pt\/new\/wp-json\/wp\/v2\/product\/23541","targetHints":{"allow":["GET"]}}],"collection":[{"href":"https:\/\/www.comertim.pt\/new\/wp-json\/wp\/v2\/product"}],"about":[{"href":"https:\/\/www.comertim.pt\/new\/wp-json\/wp\/v2\/types\/product"}],"wp:featuredmedia":[{"embeddable":true,"href":"https:\/\/www.comertim.pt\/new\/wp-json\/wp\/v2\/media\/550003045"}],"wp:attachment":[{"href":"https:\/\/www.comertim.pt\/new\/wp-json\/wp\/v2\/media?parent=23541"}],"wp:term":[{"taxonomy":"product_brand","embeddable":true,"href":"https:\/\/www.comertim.pt\/new\/wp-json\/wp\/v2\/product_brand?post=23541"},{"taxonomy":"product_cat","embeddable":true,"href":"https:\/\/www.comertim.pt\/new\/wp-json\/wp\/v2\/product_cat?post=23541"},{"taxonomy":"product_tag","embeddable":true,"href":"https:\/\/www.comertim.pt\/new\/wp-json\/wp\/v2\/product_tag?post=23541"}],"curies":[{"name":"wp","href":"https:\/\/api.w.org\/{rel}","templated":true}]}}