{"id":23537,"date":"2022-08-24T11:07:17","date_gmt":"2022-08-24T10:07:17","guid":{"rendered":"http:\/\/localhost\/virtualimit\/produto\/nextzett-glanz-shampoo-10l-91116115\/"},"modified":"2025-04-09T17:43:43","modified_gmt":"2025-04-09T16:43:43","slug":"nextzett-glanz-shampoo-10l-91116115","status":"publish","type":"product","link":"https:\/\/www.comertim.pt\/new\/produto\/nextzett-glanz-shampoo-10l-91116115\/","title":{"rendered":"NEXTZETT GLANZ SHAMPOO 10L 91116115"},"content":{"rendered":"<p>A SUA COMPOSI\u00c7\u00c3O ESPECIAL COM PRODUTOS DE ELEVAD\u00cdSSIMA QUALIDADE PERMITEM QUE ESTE SHAMPOO SEM CERA, TENHA UM EXCEPCIONAL PODER DE SECAGEM DEIXANDO UM BRILHO DURADOURO AP\u00d3S A LAVAGEM.  A DILUI\u00c7\u00c3O ACONSELHADA PARA ESTE SHAMPOO \u00c9 DE 1:50, MAS EM ZONAS DE \u00c1G<\/p>\n","protected":false},"excerpt":{"rendered":"<p>A SUA COMPOSI\u00c7\u00c3O ESPECIAL COM PRODUTOS DE ELEVAD\u00cdSSIMA QUALIDADE PERMITEM QUE ESTE SHAMPOO SEM CERA, TENHA UM EXCEPCIONAL PODER DE SECAGEM DEIXANDO UM BRILHO DURADOURO AP\u00d3S A LAVAGEM. A DILUI\u00c7\u00c3O ACONSELHADA PARA ESTE SHAMPOO \u00c9 DE 1:50, MAS EM ZONAS DE \u00c1G<\/p>\n","protected":false},"featured_media":550003049,"template":"","meta":[],"product_brand":[],"product_cat":[493],"product_tag":[1079],"class_list":{"0":"post-23537","1":"product","2":"type-product","3":"status-publish","4":"has-post-thumbnail","6":"product_cat-lavagem","7":"product_tag-nextzett","9":"entry","10":"has-media","12":"first","13":"onbackorder","14":"taxable","15":"shipping-taxable","16":"product-type-simple","17":"has-product-nav","18":"col","19":"span_1_of_4","20":"owp-content-center","21":"item-entry","22":"owp-thumbs-layout-horizontal","23":"owp-btn-normal","24":"owp-tabs-layout-vertical","25":"has-no-thumbnails"},"_links":{"self":[{"href":"https:\/\/www.comertim.pt\/new\/wp-json\/wp\/v2\/product\/23537","targetHints":{"allow":["GET"]}}],"collection":[{"href":"https:\/\/www.comertim.pt\/new\/wp-json\/wp\/v2\/product"}],"about":[{"href":"https:\/\/www.comertim.pt\/new\/wp-json\/wp\/v2\/types\/product"}],"wp:featuredmedia":[{"embeddable":true,"href":"https:\/\/www.comertim.pt\/new\/wp-json\/wp\/v2\/media\/550003049"}],"wp:attachment":[{"href":"https:\/\/www.comertim.pt\/new\/wp-json\/wp\/v2\/media?parent=23537"}],"wp:term":[{"taxonomy":"product_brand","embeddable":true,"href":"https:\/\/www.comertim.pt\/new\/wp-json\/wp\/v2\/product_brand?post=23537"},{"taxonomy":"product_cat","embeddable":true,"href":"https:\/\/www.comertim.pt\/new\/wp-json\/wp\/v2\/product_cat?post=23537"},{"taxonomy":"product_tag","embeddable":true,"href":"https:\/\/www.comertim.pt\/new\/wp-json\/wp\/v2\/product_tag?post=23537"}],"curies":[{"name":"wp","href":"https:\/\/api.w.org\/{rel}","templated":true}]}}