{"id":23131,"date":"2022-08-24T11:05:53","date_gmt":"2022-08-24T10:05:53","guid":{"rendered":"http:\/\/localhost\/virtualimit\/produto\/bs-spray-plasticos-texturado-fino-negro-400ml\/"},"modified":"2025-04-09T17:43:55","modified_gmt":"2025-04-09T16:43:55","slug":"bs-spray-plasticos-texturado-fino-negro-400ml","status":"publish","type":"product","link":"https:\/\/www.comertim.pt\/new\/produto\/bs-spray-plasticos-texturado-fino-negro-400ml\/","title":{"rendered":"BS SPRAY PLASTICOS TEXTURADO FINO NEGRO 400ML"},"content":{"rendered":"<p>O Fine spray \u00e9 um revestimento com uma composi\u00e7\u00e3o de excelente qualidade que seca rapidamente com uma boa ader\u00eancia sobre metal, madeira e pl\u00e1stico. \u00c9 utilizado para areconstru\u00e7\u00e3o de superf\u00edcies pl\u00e1sticas t\u00edpicas das pe\u00e7as de ve\u00edculos (p\u00e1ra-choques, retro<\/p>\n","protected":false},"excerpt":{"rendered":"<p>O Fine spray \u00e9 um revestimento com uma composi\u00e7\u00e3o de excelente qualidade que seca rapidamente com uma boa ader\u00eancia sobre metal, madeira e pl\u00e1stico. \u00c9 utilizado para areconstru\u00e7\u00e3o de superf\u00edcies pl\u00e1sticas t\u00edpicas das pe\u00e7as de ve\u00edculos (p\u00e1ra-choques, retro<\/p>\n","protected":false},"featured_media":550003313,"template":"","meta":[],"product_brand":[],"product_cat":[516],"product_tag":[1018],"class_list":{"0":"post-23131","1":"product","2":"type-product","3":"status-publish","4":"has-post-thumbnail","6":"product_cat-plasticos","7":"product_tag-bossauto","9":"entry","10":"has-media","12":"first","13":"instock","14":"taxable","15":"shipping-taxable","16":"product-type-simple","17":"has-product-nav","18":"col","19":"span_1_of_4","20":"owp-content-center","21":"item-entry","22":"owp-thumbs-layout-horizontal","23":"owp-btn-normal","24":"owp-tabs-layout-vertical","25":"has-no-thumbnails"},"_links":{"self":[{"href":"https:\/\/www.comertim.pt\/new\/wp-json\/wp\/v2\/product\/23131","targetHints":{"allow":["GET"]}}],"collection":[{"href":"https:\/\/www.comertim.pt\/new\/wp-json\/wp\/v2\/product"}],"about":[{"href":"https:\/\/www.comertim.pt\/new\/wp-json\/wp\/v2\/types\/product"}],"wp:featuredmedia":[{"embeddable":true,"href":"https:\/\/www.comertim.pt\/new\/wp-json\/wp\/v2\/media\/550003313"}],"wp:attachment":[{"href":"https:\/\/www.comertim.pt\/new\/wp-json\/wp\/v2\/media?parent=23131"}],"wp:term":[{"taxonomy":"product_brand","embeddable":true,"href":"https:\/\/www.comertim.pt\/new\/wp-json\/wp\/v2\/product_brand?post=23131"},{"taxonomy":"product_cat","embeddable":true,"href":"https:\/\/www.comertim.pt\/new\/wp-json\/wp\/v2\/product_cat?post=23131"},{"taxonomy":"product_tag","embeddable":true,"href":"https:\/\/www.comertim.pt\/new\/wp-json\/wp\/v2\/product_tag?post=23131"}],"curies":[{"name":"wp","href":"https:\/\/api.w.org\/{rel}","templated":true}]}}